ighest common divisor of 1116414 and 9?
9
What is the greatest common factor of 98 and 145579?
49
Calculate the highest common divisor of 174 and 1896.
6
What is the highest common divisor of 6253 and 12025?
481
Calculate the greatest common divisor of 383 and 109538.
383
Calculate the highest common divisor of 1534 and 23218.
26
What is the highest common factor of 61401 and 2328?
291
Calculate the highest common divisor of 686 and 3535.
7
What is the highest common factor of 174 and 91118?
58
What is the highest common factor of 39358 and 22?
22
What is the highest common divisor of 8189 and 235757?
431
What is the greatest common factor of 30 and 1512954?
6
Calculate the highest common divisor of 890975 and 227.
227
What is the highest common factor of 43326 and 3654?
522
Calculate the highest common divisor of 9210 and 28830.
30
Calculate the greatest common factor of 612 and 236385.
153
Calculate the highest common factor of 236 and 1593.
59
Calculate the greatest common factor of 612 and 2805.
51
What is the greatest common factor of 19 and 12424917?
19
Calculate the greatest common divisor of 191264 and 3698.
86
Calculate the highest common divisor of 2690 and 203902.
538
Calculate the greatest common factor of 8299 and 1763.
43
Calculate the greatest common divisor of 3912 and 6168.
24
What is the greatest common factor of 15300 and 242148?
204
Calculate the greatest common factor of 333046 and 98.
14
Calculate the greatest common factor of 2832 and 264615.
177
Calculate the highest common divisor of 1 and 141067.
1
Calculate the highest common divisor of 50816 and 4096.
128
Calculate the greatest common factor of 245 and 95599.
49
What is the greatest common divisor of 198 and 28776?
66
Calculate the greatest common divisor of 195 and 56865.
15
Calculate the highest common factor of 28 and 8003548.
28
Calculate the highest common factor of 83411 and 478.
239
Calculate the greatest common divisor of 617232 and 3168.
528
Calculate the highest common divisor of 3042754 and 26.
26
What is the greatest common divisor of 4404 and 120?
12
Calculate the greatest common factor of 2519 and 99.
11
What is the greatest common divisor of 288 and 149752?
8
What is the highest common divisor of 1440 and 46260?
180
Calculate the highest common divisor of 3295 and 16.
1
Calculate the highest common factor of 59371 and 481.
13
What is the greatest common factor of 679458 and 465?
93
Calculate the highest common factor of 272 and 187000.
136
Calculate the greatest common factor of 75980 and 1179.
131
What is the highest common divisor of 2240 and 356480?
320
Calculate the highest common factor of 1810 and 37467.
181
Calculate the highest common divisor of 816 and 5352.
24
What is the greatest common factor of 3979 and 23?
23
What is the greatest common factor of 10053 and 27?
9
Calculate the highest common factor of 13755 and 315.
105
What is the highest common divisor of 441 and 13279?
49
What is the highest common factor of 1786812 and 8052?
732
What is the greatest common factor of 2316 and 1878?
6
Calculate the highest common divisor of 280 and 39800.
40
Calculate the highest common factor of 7497 and 184338.
441
What is the highest common divisor of 4350 and 31494?
174
What is the highest common divisor of 15225 and 9396?
87
Calculate the greatest common factor of 3128 and 646.
34
What is the highest common divisor of 269 and 4820749?
269
What is the greatest common divisor of 930 and 6945?
15
What is the highest common factor of 245 and 101030?
5
What is the highest common factor of 427 and 521672?
61
What is the greatest common divisor of 36636 and 13588?
172
Calculate the highest common divisor of 3186 and 1728.
54
Calculate the greatest common factor of 80 and 124720.
80
What is the greatest common divisor of 149904 and 432?
432
What is the greatest common factor of 64 and 1604?
4
Calculate the highest common divisor of 32967 and 222.
111
Calculate the greatest common divisor of 1952 and 19337.
61
What is the highest common divisor of 418 and 13927?
19
Calculate the greatest common factor of 132 and 701107.
11
What is the greatest common factor of 3352 and 693445?
419
Calculate the highest common factor of 128 and 1492.
4
Calculate the greatest common divisor of 468 and 43641.
117
What is the highest common divisor of 967690 and 30?
10
What is the greatest common divisor of 177 and 42893?
59
What is the greatest common divisor of 78 and 49647?
39
What is the greatest common divisor of 1 and 224492?
1
Calculate the greatest common factor of 150 and 389350.
50
What is the highest common divisor of 1606112 and 128?
32
What is the highest common factor of 25764 and 34428?
228
What is the greatest common divisor of 41496 and 130?
26
What is the greatest common factor of 729 and 6723?
81
What is the greatest common factor of 22 and 12247202?
22
Calculate the greatest common factor of 13509 and 6399.
711
What is the greatest common factor of 8036 and 1918?
14
What is the greatest common factor of 31 and 1849739?
31
Calculate the highest common factor of 179929 and 69.
23
What is the highest common divisor of 9 and 6597?
9
Calculate the highest common factor of 2997596 and 28.
28
What is the highest common divisor of 1106 and 10777970?
1106
Calculate the greatest common factor of 1085 and 405139.
217
What is the highest common divisor of 6020 and 1985740?
860
What is the highest common factor of 704 and 4744?
8
What is the highest common factor of 256 and 1312?
32
What is the highest common divisor of 32164747 and 157?
157
Calculate the highest common divisor of 147 and 17241.
21
Calculate the greatest common divisor of 26316 and 1530.
306
What is the greatest common divisor of 11670 and 195?
15
What is the highest common factor of 37 and 30321?
1
What is the greatest common factor of 11121 and 132?
33
Calculate the highest common factor of 8 and 481064.
8
Calculate the highest common factor of 12920 and 10.
10
Calculate the highest common divisor of 760 and 56230.
10
What is the greatest common factor of 136 and 36618?
34
What is the greatest common divisor of 103631 and 33?
11
What is the greatest common divisor of 22011 and 319?
319
What is the highest common factor of 5 and 56206?
1
What is the highest common factor of 342 and 5802?
6
What is the greatest common divisor of 404973 and 795?
159
What is the greatest common divisor of 1256 and 80?
8
What is the greatest common factor of 132809 and 59?
59
What is the highest common divisor of 1547777 and 77?
77
Calculate the highest common divisor of 5408 and 1664.
416
What is the highest common divisor of 25265 and 11470?
155
Calculate the greatest common divisor of 492755 and 1418.
709
Calculate the highest common factor of 19 and 22553.
19
Calculate the highest common factor of 6612 and 380.
76
Calculate the greatest common factor of 17241 and 231.
21
Calculate the highest common divisor of 4949 and 32320.
101
What is the greatest common factor of 2598 and 690?
6
Calculate the greatest common divisor of 104 and 564.
4
What is the greatest common factor of 3464 and 1720?
8
Calculate the highest common factor of 284 and 127445.
71
Calculate the greatest common factor of 1127 and 19964.
161
Calculate the greatest common divisor of 5268 and 32.
4
What is the highest common divisor of 659105 and 122?
61
Calculate the highest common divisor of 105 and 505095.
15
What is the greatest common factor of 966 and 525?
21
What is the greatest common divisor of 799 and 5627?
17
Calculate the greatest common divisor of 250 and 14500.
250
Calculate the highest common factor of 14383 and 19.
19
Calculate the greatest common factor of 30855 and 495.
165
Calculate the greatest common factor of 12654525 and 150.
75
Calculate the greatest common factor of 232 and 579.
1
Calculate the greatest common factor of 2198 and 112.
14
What is the greatest common divisor of 65520 and 3913?
91
What is the greatest common divisor of 222097 and 41?
41
Calculate the greatest common factor of 13730 and 30.
10
Calculate the greatest common divisor of 20088 and 16848.
648
Calculate the greatest common factor of 190 and 280250.
190
Calculate the greatest common divisor of 684 and 1196088.
228
What is the highest common factor of 2257